{"id":11,"date":"2023-03-27T14:51:33","date_gmt":"2023-03-27T12:51:33","guid":{"rendered":"http:\/\/www.lucitherm.be\/?page_id=11"},"modified":"2023-03-27T16:20:12","modified_gmt":"2023-03-27T14:20:12","slug":"entretien","status":"publish","type":"page","link":"https:\/\/www.lucitherm.be\/index.php\/entretien\/","title":{"rendered":"Entretien"},"content":{"rendered":"\n<figure class=\"wp-block-image size-large\"><img loading=\"lazy\" decoding=\"async\" width=\"1024\" height=\"499\" src=\"https:\/\/www.lucitherm.be\/wp-content\/uploads\/2023\/03\/entretien-1024x499.png\" alt=\"\" class=\"wp-image-56\" srcset=\"https:\/\/www.lucitherm.be\/wp-content\/uploads\/2023\/03\/entretien-1024x499.png 1024w, https:\/\/www.lucitherm.be\/wp-content\/uploads\/2023\/03\/entretien-300x146.png 300w, https:\/\/www.lucitherm.be\/wp-content\/uploads\/2023\/03\/entretien-768x374.png 768w, https:\/\/www.lucitherm.be\/wp-content\/uploads\/2023\/03\/entretien.png 1046w\" sizes=\"auto, (max-width: 1024px) 100vw, 1024px\" \/><\/figure>\n\n\n\n<p><\/p>\n\n\n\n<p>Entretenir r\u00e9guli\u00e8rement votre chaudi\u00e8re renforce votre s\u00e9curit\u00e9, diminue votre consommation, augmente la long\u00e9vit\u00e9 de votre mat\u00e9riel et vous permet de r\u00e9pondre aux normes l\u00e9gales en la mati\u00e8re. Les installations de chauffage doivent \u00eatres entretenues r\u00e9guli\u00e8rement. Nous pr\u00e9conisons un entretien annuel pour les chaudi\u00e8res \u00e0 mazout et un entretien bisannuel pour une chaudi\u00e8re au gaz.<\/p>\n\n\n\n<p>Une installation bien entretenue vous donnera satisfaction pendant de nombreuses ann\u00e9es et vous permettra d&rsquo;\u00e9viter des pannes inopin\u00e9es \u00e0 des moments g\u00e9n\u00e9ralement critiques (grands froids). Une garantie de confort.<\/p>\n\n\n\n<p>L&rsquo;entretien permet aussi de d\u00e9celer des probl\u00e8mes \u00e0 la source avant qu&rsquo;ils ne se mat\u00e9rialisent (usure de pi\u00e8ces, de composantes, probl\u00e8mes de conformit\u00e9 etc.)<\/p>\n\n\n\n<p>L&rsquo;entretien est aussi tr\u00e8s important pour votre niveau de consommation. Une chaudi\u00e8re dont la combustion est bien r\u00e9gl\u00e9e vous offre des \u00e9conomies ann\u00e9es apr\u00e8s ann\u00e9es. Une combustion optimale entra\u00eene une r\u00e9duction de la consommation qui diminue donc les \u00e9missions polluantes. Un geste citoyen pour la plan\u00e8te, un impact direct sur votre facture de combustible.<\/p>\n\n\n\n<p>Dans certaines r\u00e9gions l&rsquo;entretien de votre chaudi\u00e8re est devenu une obligation l\u00e9gale. Soyez en ordre car cela peut \u00eatre important du point de vue assurance.<\/p>\n\n\n\n<p>Lors de l&rsquo;entretien, les aspects de s\u00e9curit\u00e9 sont \u00e9galement pass\u00e9s en revue. Une installation r\u00e9guli\u00e8rement entretenue diminue drastiquement le risque d&rsquo;accident.<\/p>\n\n\n\n<p>Terminons sur une note agr\u00e9able: Votre facture d&rsquo;entretien est d\u00e9ductible \u00e0 l&rsquo;imp\u00f4t de personnes physiques (Etat F\u00e9d\u00e9ral).<\/p>\n","protected":false},"excerpt":{"rendered":"<p>Entretenir r\u00e9guli\u00e8rement votre chaudi\u00e8re renforce votre s\u00e9curit\u00e9, diminue votre consommation, augmente la long\u00e9vit\u00e9 de votre mat\u00e9riel et vous permet de r\u00e9pondre aux normes l\u00e9gales en la mati\u00e8re. Les installations de chauffage doivent \u00eatres entretenues r\u00e9guli\u00e8rement. Nous pr\u00e9conisons un entretien annuel pour les chaudi\u00e8res \u00e0 mazout et un entretien bisannuel pour une chaudi\u00e8re au gaz. Une&hellip;&nbsp;<a href=\"https:\/\/www.lucitherm.be\/index.php\/entretien\/\" class=\"\" rel=\"bookmark\">Lire la suite &raquo;<span class=\"screen-reader-text\">Entretien<\/span><\/a><\/p>\n","protected":false},"author":1,"featured_media":0,"parent":0,"menu_order":0,"comment_status":"closed","ping_status":"closed","template":"","meta":{"neve_meta_sidebar":"","neve_meta_container":"","neve_meta_enable_content_width":"","neve_meta_content_width":0,"neve_meta_title_alignment":"","neve_meta_author_avatar":"","neve_post_elements_order":"","neve_meta_disable_header":"","neve_meta_disable_footer":"","neve_meta_disable_title":"","footnotes":""},"class_list":["post-11","page","type-page","status-publish","hentry"],"_links":{"self":[{"href":"https:\/\/www.lucitherm.be\/index.php\/wp-json\/wp\/v2\/pages\/11","targetHints":{"allow":["GET"]}}],"collection":[{"href":"https:\/\/www.lucitherm.be\/index.php\/wp-json\/wp\/v2\/pages"}],"about":[{"href":"https:\/\/www.lucitherm.be\/index.php\/wp-json\/wp\/v2\/types\/page"}],"author":[{"embeddable":true,"href":"https:\/\/www.lucitherm.be\/index.php\/wp-json\/wp\/v2\/users\/1"}],"replies":[{"embeddable":true,"href":"https:\/\/www.lucitherm.be\/index.php\/wp-json\/wp\/v2\/comments?post=11"}],"version-history":[{"count":3,"href":"https:\/\/www.lucitherm.be\/index.php\/wp-json\/wp\/v2\/pages\/11\/revisions"}],"predecessor-version":[{"id":70,"href":"https:\/\/www.lucitherm.be\/index.php\/wp-json\/wp\/v2\/pages\/11\/revisions\/70"}],"wp:attachment":[{"href":"https:\/\/www.lucitherm.be\/index.php\/wp-json\/wp\/v2\/media?parent=11"}],"curies":[{"name":"wp","href":"https:\/\/api.w.org\/{rel}","templated":true}]}}